{"id":5,"date":"2015-04-14T07:17:09","date_gmt":"2015-04-14T07:17:09","guid":{"rendered":"http:\/\/middle-east-contact.com\/?page_id=5"},"modified":"2019-05-07T10:46:33","modified_gmt":"2019-05-07T10:46:33","slug":"1-2","status":"publish","type":"page","link":"http:\/\/middle-east-contact.com\/?page_id=5","title":{"rendered":"Mitgliedschaften"},"content":{"rendered":"<p>Seit 1986 in Deutschland t\u00e4tig.<\/p>\n<p>Seit 2003 Vermittlung von \u00d6lgesch\u00e4ften<\/p>\n<p>Generalvollmacht als Kontakt und Vermittler f\u00fcr offizielle Stellen mehrerer arabischer Staaten wie z.B. Syrien, Libanon und Kuwait.<\/p>\n<p>President of Council European Union for the General Council of Iraq &amp; Arabian Tribes Leader<\/p>\n<p>Mitglied im Bundesverband mittelst\u00e4ndische Wirtschaft BVMW<\/p>\n<p>Vertreter f\u00fcr Middle East der JT Solar AG http:\/\/www.jtsolar.de\/<\/p>\n<p><strong>Wirtschaftssenator von Baden-W\u00fcrttemberg:<\/strong><br \/>\n<a href=\"http:\/\/middle-east-contact.com\/wp-content\/uploads\/2015\/10\/Senat-BW.jpg\"><img loading=\"lazy\" decoding=\"async\" class=\"alignnone size-medium wp-image-173\" src=\"http:\/\/middle-east-contact.com\/wp-content\/uploads\/2015\/10\/Senat-BW-201x300.jpg\" alt=\"Senat BW\" width=\"201\" height=\"300\" srcset=\"http:\/\/middle-east-contact.com\/wp-content\/uploads\/2015\/10\/Senat-BW-201x300.jpg 201w, http:\/\/middle-east-contact.com\/wp-content\/uploads\/2015\/10\/Senat-BW-687x1024.jpg 687w\" sizes=\"auto, (max-width: 201px) 100vw, 201px\" \/><\/a><\/p>\n","protected":false},"excerpt":{"rendered":"<p>Seit 1986 in Deutschland t\u00e4tig. Seit 2003 Vermittlung von \u00d6lgesch\u00e4ften Generalvollmacht als Kontakt und Vermittler f\u00fcr offizielle Stellen mehrerer arabischer Staaten wie z.B. Syrien, Libanon und Kuwait. President of Council European Union for the General Council of Iraq &amp; Arabian Tribes Leader Mitglied im Bundesverband mittelst\u00e4ndische Wirtschaft BVMW Vertreter f\u00fcr Middle East der JT Solar [&hellip;]<\/p>\n","protected":false},"author":1,"featured_media":0,"parent":0,"menu_order":2,"comment_status":"closed","ping_status":"open","template":"","meta":{"footnotes":""},"class_list":["post-5","page","type-page","status-publish","hentry"],"_links":{"self":[{"href":"http:\/\/middle-east-contact.com\/index.php?rest_route=\/wp\/v2\/pages\/5","targetHints":{"allow":["GET"]}}],"collection":[{"href":"http:\/\/middle-east-contact.com\/index.php?rest_route=\/wp\/v2\/pages"}],"about":[{"href":"http:\/\/middle-east-contact.com\/index.php?rest_route=\/wp\/v2\/types\/page"}],"author":[{"embeddable":true,"href":"http:\/\/middle-east-contact.com\/index.php?rest_route=\/wp\/v2\/users\/1"}],"replies":[{"embeddable":true,"href":"http:\/\/middle-east-contact.com\/index.php?rest_route=%2Fwp%2Fv2%2Fcomments&post=5"}],"version-history":[{"count":15,"href":"http:\/\/middle-east-contact.com\/index.php?rest_route=\/wp\/v2\/pages\/5\/revisions"}],"predecessor-version":[{"id":287,"href":"http:\/\/middle-east-contact.com\/index.php?rest_route=\/wp\/v2\/pages\/5\/revisions\/287"}],"wp:attachment":[{"href":"http:\/\/middle-east-contact.com\/index.php?rest_route=%2Fwp%2Fv2%2Fmedia&parent=5"}],"curies":[{"name":"wp","href":"https:\/\/api.w.org\/{rel}","templated":true}]}}